{"id":1781,"date":"2022-04-21T12:31:35","date_gmt":"2022-04-21T12:31:35","guid":{"rendered":"https:\/\/internationalizare.upg-ploiesti.ro\/?page_id=1781"},"modified":"2022-04-27T13:49:46","modified_gmt":"2022-04-27T13:49:46","slug":"programe-see","status":"publish","type":"page","link":"https:\/\/internationalizare.upg-ploiesti.ro\/index.php\/programe\/programe-see\/","title":{"rendered":"Programe SEE"},"content":{"rendered":"\t\t<div data-elementor-type=\"wp-page\" data-elementor-id=\"1781\" class=\"elementor elementor-1781\">\n\t\t\t\t\t\t<section class=\"elementor-section elementor-top-section elementor-element elementor-element-2412177 elementor-section-full_width elementor-section-height-default elementor-section-height-default\" data-id=\"2412177\" data-element_type=\"section\">\n\t\t\t\t\t\t<div class=\"elementor-container elementor-column-gap-default\">\n\t\t\t\t\t<div class=\"elementor-column elementor-col-100 elementor-top-column elementor-element elementor-element-a20085e\" data-id=\"a20085e\" data-element_type=\"column\">\n\t\t\t<div class=\"elementor-widget-wrap elementor-element-populated\">\n\t\t\t\t\t\t<div class=\"elementor-element elementor-element-c82c61f elementor-widget elementor-widget-Ellen_CTA_Area\" data-id=\"c82c61f\" data-element_type=\"widget\" data-widget_type=\"Ellen_CTA_Area.default\">\n\t\t\t\t<div class=\"elementor-widget-container\">\n\t\t\t\r\n            <div class=\"free-trial-area ptb-100 bg-image\">\r\n                <div class=\"container\">\r\n                    <div class=\"row align-items-center\">\r\n                        <div class=\"col-lg-8 col-md-12\">\r\n                            <div class=\"free-trial-content\">\r\n                                <i class=\"\"><\/i>\r\n                                <h2 class=\"cta-title\">Granturi SEE <\/h2>\r\n                                <p >\u00cen 13 octombrie 2016, Guvernul Rom\u00e2niei \u015fi guvernele Norvegiei, Islandei \u015fi Liechtensteinului \u2013 ca state donatoare, au semnat Memorandumul de \u00cen\u0163elegere pentru implementarea Mecanismului Financiar al Spa\u0163iului Economic European (SEE) 2014-2021, prin care Rom\u00e2niei i se aloc\u0103 fonduri \u00een valoare de 254,560,000 euro. Mecanismul Financiar SEE 2014-2021 acoper\u0103 mai multe programe de finan\u0163are, care au ca scop reducerea discrepan\u0163elor sociale \u015fi economice \u00eentre \u0163\u0103rile SEE \u015fi consolidarea cooper\u0103rii \u00eentre statele donatoare (Islanda, Liechtenstein, Norvegia) \u0219i cele 15 \u021b\u0103ri beneficiare (Bulgaria, Cehia, Croa\u021bia, Estonia, Grecia, Letonia, Lituania, Malta, Polonia, Portugalia, Rom\u00e2nia, Slovacia, Slovenia \u015fi Ungaria). Agen\u0163ia Na\u0163ional\u0103 pentru Programe Comunitare \u00een Domeniul Educa\u0163iei \u015fi Form\u0103rii Profesionale din Bucure\u015fti are calitatea de Operator al Programului de Educa\u0163ie, Burse, Ucenicie \u015fi Antreprenoriatul Tinerilor \u00een Rom\u00e2nia, finan\u0163at din Granturile SEE 2014-2021 \u015fi implementeaz\u0103 proiectele finan\u0163ate \u00een cadrul acestui mecanism financiar prin intermediul birourilor Erasmus+<\/p>\r\n                            <\/div>\r\n                        <\/div>\r\n                        <div class=\"col-lg-4 col-md-12\">\r\n                            <div class=\"free-trial-btn\">\r\n                                                                    <a href=\"https:\/\/www.eeagrants.ro\/\" class=\"default-btn\">Granturile SEE \u0219i Norvegiene <\/a>\r\n                                                            <\/div>\r\n                        <\/div>\r\n                    <\/div>\r\n                <\/div>\r\n                                <div class=\"lines\">\r\n                    <div class=\"line\"><\/div>\r\n                    <div class=\"line\"><\/div>\r\n                    <div class=\"line\"><\/div>\r\n                <\/div>\r\n            <\/div>\r\n                \t\t<\/div>\n\t\t\t\t<\/div>\n\t\t\t\t\t<\/div>\n\t\t<\/div>\n\t\t\t\t\t<\/div>\n\t\t<\/section>\n\t\t\t\t<section class=\"elementor-section elementor-top-section elementor-element elementor-element-e38b947 elementor-section-boxed elementor-section-height-default elementor-section-height-default\" data-id=\"e38b947\" data-element_type=\"section\">\n\t\t\t\t\t\t<div class=\"elementor-container elementor-column-gap-default\">\n\t\t\t\t\t<div class=\"elementor-column elementor-col-100 elementor-top-column elementor-element elementor-element-9d7a6a2\" data-id=\"9d7a6a2\" data-element_type=\"column\">\n\t\t\t<div class=\"elementor-widget-wrap elementor-element-populated\">\n\t\t\t\t\t\t<div class=\"elementor-element elementor-element-38b840f elementor-widget elementor-widget-text-editor\" data-id=\"38b840f\" data-element_type=\"widget\" data-widget_type=\"text-editor.default\">\n\t\t\t\t<div class=\"elementor-widget-container\">\n\t\t\t<style>\/*! elementor - v3.20.0 - 10-04-2024 *\/\n.elementor-widget-text-editor.elementor-drop-cap-view-stacked .elementor-drop-cap{background-color:#69727d;color:#fff}.elementor-widget-text-editor.elementor-drop-cap-view-framed .elementor-drop-cap{color:#69727d;border:3px solid;background-color:transparent}.elementor-widget-text-editor:not(.elementor-drop-cap-view-default) .elementor-drop-cap{margin-top:8px}.elementor-widget-text-editor:not(.elementor-drop-cap-view-default) .elementor-drop-cap-letter{width:1em;height:1em}.elementor-widget-text-editor .elementor-drop-cap{float:left;text-align:center;line-height:1;font-size:50px}.elementor-widget-text-editor .elementor-drop-cap-letter{display:inline-block}<\/style>\t\t\t\t<div>Sprijinul individual este un cost bazat pe unit\u0103\u0163i, dup\u0103 cum urmeaz\u0103:<\/div><div>\u00a0Pentru studen\u0163i:<\/div><ul><li>Sprijinul individual (subsisten\u0163a) pentru studen\u0163ii rom\u00e2ni ce particip\u0103 \u00eentr-o mobilitate de studiu sau stagiu de practic\u0103 \u00eentr-unul din statele donatoare &#8211; 1200 \u20ac \/lun\u0103<\/li><li>Sprijinul individual (subsisten\u0163a) pentru studen\u0163ii din SD care vin la studiu sau \u00eentr-un stagiu de practic\u0103 \u00een Rom\u00e2nia &#8211; 1000 \u20ac \/lun\u0103\u00a0<\/li><li>Sprijinul individual (subsisten\u0163a) pentru personalul ce particip\u0103 \u00eentr-o mobilitate \u00een Rom\u00e2nia: &#8211; 150 \u20ac \/zi &#8211; 750 \u20ac \/ s\u0103pt\u0103m\u00e2n\u0103 &#8211; 1250 \u20ac \/2 s\u0103pt\u0103m\u00e2ni\u00a0<\/li><\/ul><p>Contributia pentru de transport (pentru mobilit\u0103\u0163ile studen\u0163ilor \u015fi ale personalului) sunt costuri bazate pe unit\u0103\u0163i, \u00een func\u0163ie de distan\u0163e:<\/p><ul><li>Distan\u0163e \u00eentre 10-99 km: 20 EUR \/ participant<\/li><li>Distan\u0163e \u00eentre 100-499 km: 180EUR \/ participant<\/li><li>Distan\u0163e \u00eentre 500-1999 km: 275 EUR \/ participant<\/li><li>Distan\u0163e \u00eentre 2000-2999 km: 360 EUR \/ participant<\/li><li>Distan\u0163e \u00eentre 3000-3999 km: 530 EUR \/ participant<\/li><li>Distan\u0163e \u00eentre 4000-7999 km: 820 EUR \/ participant\u00a0<\/li><\/ul><div>Distan\u0163ele sunt cele calculate de calculatorul de distan\u0163e de pe platforma Comisiei Europene \u015fi contribu\u0163ia pentru transport se acord\u00e3 pentru c\u00e3l\u00e3toria dus-\u00eentors.\u00a0 \u00a0<\/div>\t\t\t\t\t\t<\/div>\n\t\t\t\t<\/div>\n\t\t\t\t\t<\/div>\n\t\t<\/div>\n\t\t\t\t\t<\/div>\n\t\t<\/section>\n\t\t\t\t<section class=\"elementor-section elementor-top-section elementor-element elementor-element-9356aaa elementor-section-boxed elementor-section-height-default elementor-section-height-default\" data-id=\"9356aaa\" data-element_type=\"section\">\n\t\t\t\t\t\t<div class=\"elementor-container elementor-column-gap-default\">\n\t\t\t\t\t<div class=\"elementor-column elementor-col-100 elementor-top-column elementor-element elementor-element-3ccee34\" data-id=\"3ccee34\" data-element_type=\"column\">\n\t\t\t<div class=\"elementor-widget-wrap elementor-element-populated\">\n\t\t\t\t\t\t<div class=\"elementor-element elementor-element-a1c7444 elementor-widget-divider--view-line elementor-widget elementor-widget-divider\" data-id=\"a1c7444\" data-element_type=\"widget\" data-widget_type=\"divider.default\">\n\t\t\t\t<div class=\"elementor-widget-container\">\n\t\t\t<style>\/*! elementor - v3.20.0 - 10-04-2024 *\/\n.elementor-widget-divider{--divider-border-style:none;--divider-border-width:1px;--divider-color:#0c0d0e;--divider-icon-size:20px;--divider-element-spacing:10px;--divider-pattern-height:24px;--divider-pattern-size:20px;--divider-pattern-url:none;--divider-pattern-repeat:repeat-x}.elementor-widget-divider .elementor-divider{display:flex}.elementor-widget-divider .elementor-divider__text{font-size:15px;line-height:1;max-width:95%}.elementor-widget-divider .elementor-divider__element{margin:0 var(--divider-element-spacing);flex-shrink:0}.elementor-widget-divider .elementor-icon{font-size:var(--divider-icon-size)}.elementor-widget-divider .elementor-divider-separator{display:flex;margin:0;direction:ltr}.elementor-widget-divider--view-line_icon .elementor-divider-separator,.elementor-widget-divider--view-line_text .elementor-divider-separator{align-items:center}.elementor-widget-divider--view-line_icon .elementor-divider-separator:after,.elementor-widget-divider--view-line_icon .elementor-divider-separator:before,.elementor-widget-divider--view-line_text .elementor-divider-separator:after,.elementor-widget-divider--view-line_text .elementor-divider-separator:before{display:block;content:\"\";border-block-end:0;flex-grow:1;border-block-start:var(--divider-border-width) var(--divider-border-style) var(--divider-color)}.elementor-widget-divider--element-align-left .elementor-divider .elementor-divider-separator>.elementor-divider__svg:first-of-type{flex-grow:0;flex-shrink:100}.elementor-widget-divider--element-align-left .elementor-divider-separator:before{content:none}.elementor-widget-divider--element-align-left .elementor-divider__element{margin-left:0}.elementor-widget-divider--element-align-right .elementor-divider .elementor-divider-separator>.elementor-divider__svg:last-of-type{flex-grow:0;flex-shrink:100}.elementor-widget-divider--element-align-right .elementor-divider-separator:after{content:none}.elementor-widget-divider--element-align-right .elementor-divider__element{margin-right:0}.elementor-widget-divider--element-align-start .elementor-divider .elementor-divider-separator>.elementor-divider__svg:first-of-type{flex-grow:0;flex-shrink:100}.elementor-widget-divider--element-align-start .elementor-divider-separator:before{content:none}.elementor-widget-divider--element-align-start .elementor-divider__element{margin-inline-start:0}.elementor-widget-divider--element-align-end .elementor-divider .elementor-divider-separator>.elementor-divider__svg:last-of-type{flex-grow:0;flex-shrink:100}.elementor-widget-divider--element-align-end .elementor-divider-separator:after{content:none}.elementor-widget-divider--element-align-end .elementor-divider__element{margin-inline-end:0}.elementor-widget-divider:not(.elementor-widget-divider--view-line_text):not(.elementor-widget-divider--view-line_icon) .elementor-divider-separator{border-block-start:var(--divider-border-width) var(--divider-border-style) var(--divider-color)}.elementor-widget-divider--separator-type-pattern{--divider-border-style:none}.elementor-widget-divider--separator-type-pattern.elementor-widget-divider--view-line .elementor-divider-separator,.elementor-widget-divider--separator-type-pattern:not(.elementor-widget-divider--view-line) .elementor-divider-separator:after,.elementor-widget-divider--separator-type-pattern:not(.elementor-widget-divider--view-line) .elementor-divider-separator:before,.elementor-widget-divider--separator-type-pattern:not([class*=elementor-widget-divider--view]) .elementor-divider-separator{width:100%;min-height:var(--divider-pattern-height);-webkit-mask-size:var(--divider-pattern-size) 100%;mask-size:var(--divider-pattern-size) 100%;-webkit-mask-repeat:var(--divider-pattern-repeat);mask-repeat:var(--divider-pattern-repeat);background-color:var(--divider-color);-webkit-mask-image:var(--divider-pattern-url);mask-image:var(--divider-pattern-url)}.elementor-widget-divider--no-spacing{--divider-pattern-size:auto}.elementor-widget-divider--bg-round{--divider-pattern-repeat:round}.rtl .elementor-widget-divider .elementor-divider__text{direction:rtl}.e-con-inner>.elementor-widget-divider,.e-con>.elementor-widget-divider{width:var(--container-widget-width,100%);--flex-grow:var(--container-widget-flex-grow)}<\/style>\t\t<div class=\"elementor-divider\">\n\t\t\t<span class=\"elementor-divider-separator\">\n\t\t\t\t\t\t<\/span>\n\t\t<\/div>\n\t\t\t\t<\/div>\n\t\t\t\t<\/div>\n\t\t\t\t\t<\/div>\n\t\t<\/div>\n\t\t\t\t\t<\/div>\n\t\t<\/section>\n\t\t\t\t<section class=\"elementor-section elementor-top-section elementor-element elementor-element-5ccf4a1 elementor-section-boxed elementor-section-height-default elementor-section-height-default\" data-id=\"5ccf4a1\" data-element_type=\"section\">\n\t\t\t\t\t\t<div class=\"elementor-container elementor-column-gap-default\">\n\t\t\t\t\t<div class=\"elementor-column elementor-col-100 elementor-top-column elementor-element elementor-element-a4696a3\" data-id=\"a4696a3\" data-element_type=\"column\">\n\t\t\t<div class=\"elementor-widget-wrap elementor-element-populated\">\n\t\t\t\t\t\t<div class=\"elementor-element elementor-element-f2bc6ad elementor-widget elementor-widget-text-editor\" data-id=\"f2bc6ad\" data-element_type=\"widget\" data-widget_type=\"text-editor.default\">\n\t\t\t\t<div class=\"elementor-widget-container\">\n\t\t\t\t\t\t\t<div><strong>PARTENERI<\/strong><\/div><ul><li>NORCE \u2013 Norwegian Research Centre<\/li><li>University of Stavanger, NORVEGIA<\/li><\/ul><p><strong>Obiectivele masurabile<\/strong> in cadrul proiectului au fost: crearea unor parteneriate intre universitati care sa duca la dezvoltarea curriculei si implicit a aptitudinilor si si cunostintelor viitorilor absolventi.<\/p><div>Partenerii au fost informati inca de la inceputul proiectului despre repartizarea mobilitatilor incoming si outgoing.<br \/>Informarea participantilor din UPG Ploiesti privin locurile disponibile in cadrul programului EEA GRANTS e face prin\u00a0 comunicarea directa catre facultati a locurilor disponibile.\u00a0<\/div><div>Mobilitatile de predare si cercetare\u00a0 dar si selectia participantilor se face pe baza unor criterii de selectie corecte, transparente si coerente pentru atat pentru studenti cat si pentru cadrele didactice si personalul administrativ.<\/div><div>Acest criterii includ: merit academic, experienta de mobilitate anterioara, motivarea, cunoasterea \/ interes in limba si cultura tarii gazda, plan de activitate (pentru doctorat \/ personal). Persoanele care nu au mai avut nici o mobilitate au avut un punctaj suplimentar.<\/div><div>Exista\u00a0 o colaborare si comunicare permanenta intre coordonatorul institutional si organele statelor pe teritoriul carora au<br \/>fost desfasurate mobilitatile de studiu si cercetare.\u00a0<\/div><div>Listele intocmite in urma selectiei vor fi afisate atat pe site cat si la avizierul facultatilor.<\/div>\t\t\t\t\t\t<\/div>\n\t\t\t\t<\/div>\n\t\t\t\t\t<\/div>\n\t\t<\/div>\n\t\t\t\t\t<\/div>\n\t\t<\/section>\n\t\t\t\t<\/div>\n\t\t","protected":false},"excerpt":{"rendered":"<p>Granturi SEE \u00cen 13 octombrie 2016, Guvernul Rom\u00e2niei \u015fi guvernele Norvegiei, Islandei \u015fi Liechtensteinului \u2013 ca state donatoare, au semnat Memorandumul de \u00cen\u0163elegere pentru implementarea Mecanismului Financiar al Spa\u0163iului Economic European (SEE) 2014-2021, prin care Rom\u00e2niei i se aloc\u0103 fonduri \u00een valoare de 254,560,000 euro. Mecanismul Financiar SEE 2014-2021 acoper\u0103 mai multe programe de finan\u0163are, <\/p>\n","protected":false},"author":1,"featured_media":0,"parent":1624,"menu_order":0,"comment_status":"closed","ping_status":"closed","template":"","meta":{"footnotes":""},"class_list":["post-1781","page","type-page","status-publish","hentry"],"acf":[],"_links":{"self":[{"href":"https:\/\/internationalizare.upg-ploiesti.ro\/index.php\/wp-json\/wp\/v2\/pages\/1781","targetHints":{"allow":["GET"]}}],"collection":[{"href":"https:\/\/internationalizare.upg-ploiesti.ro\/index.php\/wp-json\/wp\/v2\/pages"}],"about":[{"href":"https:\/\/internationalizare.upg-ploiesti.ro\/index.php\/wp-json\/wp\/v2\/types\/page"}],"author":[{"embeddable":true,"href":"https:\/\/internationalizare.upg-ploiesti.ro\/index.php\/wp-json\/wp\/v2\/users\/1"}],"replies":[{"embeddable":true,"href":"https:\/\/internationalizare.upg-ploiesti.ro\/index.php\/wp-json\/wp\/v2\/comments?post=1781"}],"version-history":[{"count":18,"href":"https:\/\/internationalizare.upg-ploiesti.ro\/index.php\/wp-json\/wp\/v2\/pages\/1781\/revisions"}],"predecessor-version":[{"id":1990,"href":"https:\/\/internationalizare.upg-ploiesti.ro\/index.php\/wp-json\/wp\/v2\/pages\/1781\/revisions\/1990"}],"up":[{"embeddable":true,"href":"https:\/\/internationalizare.upg-ploiesti.ro\/index.php\/wp-json\/wp\/v2\/pages\/1624"}],"wp:attachment":[{"href":"https:\/\/internationalizare.upg-ploiesti.ro\/index.php\/wp-json\/wp\/v2\/media?parent=1781"}],"curies":[{"name":"wp","href":"https:\/\/api.w.org\/{rel}","templated":true}]}}