{"id":1615,"date":"2022-04-21T09:29:06","date_gmt":"2022-04-21T09:29:06","guid":{"rendered":"https:\/\/internationalizare.upg-ploiesti.ro\/?page_id=1615"},"modified":"2024-11-30T08:54:39","modified_gmt":"2024-11-30T08:54:39","slug":"strategia-de-internationalizare","status":"publish","type":"page","link":"https:\/\/internationalizare.upg-ploiesti.ro\/index.php\/strategia-de-internationalizare\/","title":{"rendered":"Strategii de internationalizare"},"content":{"rendered":"\t\t<div data-elementor-type=\"wp-page\" data-elementor-id=\"1615\" class=\"elementor elementor-1615\">\n\t\t\t\t<div class=\"elementor-element elementor-element-8646538 e-flex e-con-boxed e-con e-parent\" data-id=\"8646538\" data-element_type=\"container\" data-core-v316-plus=\"true\">\n\t\t\t\t\t<div class=\"e-con-inner\">\n\t\t\t\t<div class=\"elementor-element elementor-element-2f022dc elementor-widget elementor-widget-ucaddon_icon_image_content_box\" data-id=\"2f022dc\" data-element_type=\"widget\" data-widget_type=\"ucaddon_icon_image_content_box.default\">\n\t\t\t\t<div class=\"elementor-widget-container\">\n\t\t\t\n<!-- start Icon Image Content Box -->\n\t\t<link id='font-awesome-css' href='https:\/\/internationalizare.upg-ploiesti.ro\/wp-content\/plugins\/unlimited-elements-for-elementor\/assets_libraries\/font-awesome6\/fontawesome-all.min.css' type='text\/css' rel='stylesheet' >\n\t\t<link id='font-awesome-4-shim-css' href='https:\/\/internationalizare.upg-ploiesti.ro\/wp-content\/plugins\/unlimited-elements-for-elementor\/assets_libraries\/font-awesome6\/fontawesome-v4-shims.min.css' type='text\/css' rel='stylesheet' >\n\n<style>\/* widget: Icon Image Content Box *\/\n\n#uc_icon_image_content_box_elementor_2f022dc *{\n\tbox-sizing: border-box;\n}\t\t\t\t\t\t\t  \t\t\t\t\n\t\t\n#uc_icon_image_content_box_elementor_2f022dc .uc_content_box_area{\n\toverflow: hidden;\n\tposition: relative;\n\ttext-align:center;\n\t}\n\n\n#uc_icon_image_content_box_elementor_2f022dc .ue_badge\n{\n  position: absolute;\n    top: 16px;\n    right: -70px;transform: rotate(45deg);\t\n        padding: 5px 0px;\n    width: 200px;\n    text-align: center;\n    box-sizing: border-box;\n    z-index:2;\n}\n\n\n.ue_badge\n{\n  font-size:10px;\n  line-height:1em;\n}\n\t\n#uc_icon_image_content_box_elementor_2f022dc .uc_thumb{\n\tmargin:0 0 -80px;\n\t}\n\n#uc_icon_image_content_box_elementor_2f022dc .uc_thumb img{\n\tmax-width:100%;\n\twidth:100%;\n\tvertical-align:middle;\n    object-fit: cover;\n\t}\n\t\n#uc_icon_image_content_box_elementor_2f022dc .uc_details{\n    padding:0 20px 30px;\n    position:relative;\n    text-align:center;\n\ttop:80px;\n    transition:all 0.3s ease 0s;\n    width:100%;\n    font-weight: 400;\n    line-height:1.5em;\n\t}\n\t\n#uc_icon_image_content_box_elementor_2f022dc .uc_details .uc_details-icon{\n\ttext-align:center;\n\tposition:relative;\n    z-index:1;\n\t}\n\t\n#uc_icon_image_content_box_elementor_2f022dc .uc_details .uc_details-icon svg\n{\n  height:1em;\n  width:1em;\n}\n\n\t\n#uc_icon_image_content_box_elementor_2f022dc .uc_details .uc_btn{\n    display: inline-block;\n    padding:10px 20px;\n    position: relative;\n\tposition:relative;\n\ttop:10px;\n    transition: all 0.3s ease-in-out 0s;\n\ttext-decoration:none;\n\t}\n\n\t\n#uc_icon_image_content_box_elementor_2f022dc .uc_content_box_area:hover .uc_details{\n\ttop:0px;\n\t}\n\t\n#uc_icon_image_content_box_elementor_2f022dc .uc_content_box_area:hover .uc_details .uc_btn{\n\ttop:0px;\n\t}\n\n.uc_title\n{\n  font-size:21px;\n}\n\n.uc_text\n{\n}\n\n<\/style>\n\n<div class=\"uc_icon_image_content_box\" id=\"uc_icon_image_content_box_elementor_2f022dc\">\t\n        <div class=\"uc_content_box_area\" >\n          \n\t\t\t\t          \n          \n            <div class=\"uc_thumb\">\n                <a href=\"https:\/\/internationalizare.upg-ploiesti.ro\/wp-content\/uploads\/2024\/11\/strategia-internationalizare_nov_24.pdf\" >\n            \t<img decoding=\"async\" src=\"https:\/\/internationalizare.upg-ploiesti.ro\/wp-content\/uploads\/2024\/11\/Screenshot-2024-11-30-105148.png\" alt=\"Screenshot 2024-11-30 105148\">\n                <\/a>\n            <\/div>\n            <div class=\"uc_details\">\n            \t<div class=\"uc_details-icon\">\n                  <i class='far fa-flag'><\/i>                                  <\/div>\n            \t<div class=\"uc_title\">Strategia de Interna\u0163ionalizare \u015fi Cooperare Global\u0103 a Universit\u0103\u0163ii Petrol-Gaze din Ploie\u0219ti<\/div>                <div class=\"uc_text\"><\/div>                <a href=\"https:\/\/internationalizare.upg-ploiesti.ro\/wp-content\/uploads\/2024\/11\/strategia-internationalizare_nov_24.pdf\" class=\"uc_btn\"  >Deschide<\/a>            <\/div>\n        <\/div>\n    <\/div>\n<!-- end Icon Image Content Box -->\t\t<\/div>\n\t\t\t\t<\/div>\n\t\t\t\t\t<\/div>\n\t\t\t\t<\/div>\n\t\t\t\t<\/div>\n\t\t","protected":false},"excerpt":{"rendered":"<p>Strategia de Interna\u0163ionalizare \u015fi Cooperare Global\u0103 a Universit\u0103\u0163ii Petrol-Gaze din Ploie\u0219ti Deschide<\/p>\n","protected":false},"author":1,"featured_media":0,"parent":0,"menu_order":0,"comment_status":"closed","ping_status":"closed","template":"","meta":{"footnotes":""},"class_list":["post-1615","page","type-page","status-publish","hentry"],"acf":[],"_links":{"self":[{"href":"https:\/\/internationalizare.upg-ploiesti.ro\/index.php\/wp-json\/wp\/v2\/pages\/1615","targetHints":{"allow":["GET"]}}],"collection":[{"href":"https:\/\/internationalizare.upg-ploiesti.ro\/index.php\/wp-json\/wp\/v2\/pages"}],"about":[{"href":"https:\/\/internationalizare.upg-ploiesti.ro\/index.php\/wp-json\/wp\/v2\/types\/page"}],"author":[{"embeddable":true,"href":"https:\/\/internationalizare.upg-ploiesti.ro\/index.php\/wp-json\/wp\/v2\/users\/1"}],"replies":[{"embeddable":true,"href":"https:\/\/internationalizare.upg-ploiesti.ro\/index.php\/wp-json\/wp\/v2\/comments?post=1615"}],"version-history":[{"count":6,"href":"https:\/\/internationalizare.upg-ploiesti.ro\/index.php\/wp-json\/wp\/v2\/pages\/1615\/revisions"}],"predecessor-version":[{"id":2719,"href":"https:\/\/internationalizare.upg-ploiesti.ro\/index.php\/wp-json\/wp\/v2\/pages\/1615\/revisions\/2719"}],"wp:attachment":[{"href":"https:\/\/internationalizare.upg-ploiesti.ro\/index.php\/wp-json\/wp\/v2\/media?parent=1615"}],"curies":[{"name":"wp","href":"https:\/\/api.w.org\/{rel}","templated":true}]}}